3, 7, 419
Let o be ((-292)/(-6) - 1) + 76/(-114). Let c = o + -45. Let b = c - -5. What are the prime factors of b?
7
List the prime factors of (-29125)/(-50) - 4/(-16)*2.
11, 53
Let n(k) = k**3 - 5*k**2 + k + 2344. Let a be n(0). Suppose 9*c - 1733 - a = 0. What are the prime factors of c?
3, 151
Let r(d) = -22*d + 1262. Let t be r(57). Suppose -18 = 2*c - 0. What are the prime factors of t/(-6) - 669/c?
73
Let w = 30344 + -12722. List the prime factors of w.
2, 3, 11, 89
Let a(t) = -5*t**3 - 7*t**2 - 4*t + 2. Let g = 0 - -3. Let n(v) = -4*v**3 - 6*v**2 - 3*v + 1. Let l(o) = g*a(o) - 4*n(o). List the prime factors of l(-2).
2, 3
Suppose -5*s + 439 = z, -3*s = 8*z + 1096 - 4423. What are the prime factors of z?
2, 3, 23
Suppose 271071 = -11*h + 16*h + 4*h. What are the prime factors of h?
30119
Let z(x) = 504*x - 968. What are the prime factors of z(18)?
2, 1013
Suppose 1 - 2 = -c - 2*b, -3*b - 9 = -2*c. Let t be 1 + 1 + -1*(c - 1). Suppose -10*m + 7*m + 36 = t. What are the prime factors of m?
2, 3
Let i(z) = 41*z**2 + 7*z + 51. Let d be i(19). Suppose 0 = 37*o - 5846 - d. List the prime factors of o.
563
Let w be 1964 + 1 + 3/(-2 + 1). Suppose -30*v + 27*v = -w. What are the prime factors of v?
2, 3, 109
Suppose 3*b - s = 276431, -368553 = 64*b - 68*b - 3*s. List the prime factors of b.
2, 3, 5119
Let g = -44 - -50. Suppose 0 = -3*r + g*r - 111. Suppose -2*m + 77 = -r. List the prime factors of m.
3, 19
Let q(y) be the third derivative of y**6/120 - 13*y**5/20 + 41*y**4/24 + 31*y**3/6 + 175*y**2. What are the prime factors of q(38)?
5, 29
Let s(v) = -v**2 - 12*v - 6. Let n be 4/(1 - -1)*(-1334)/92. Let c = n + 24. What are the prime factors of s(c)?
29
Let a(c) = 30*c - 77. Let t be a(3). Suppose -3*i + 5*f = -t, 2*i - 3*f = -2*f + 18. What are the prime factors of i?
11
Let f(d) = -10*d**3 - 20*d**2 - 28*d - 4. Let c be f(-7). Suppose 0 = 11*x - 12505 - c. What are the prime factors of x?
3, 17
Suppose -4*p + 124325 = 3*r + 9789, -5*p + 76355 = 2*r. What are the prime factors of r?
2, 5, 23, 83
Let i(o) = -55*o - 47. Let y = -133 - -126. List the prime factors of i(y).
2, 13
Suppose 945768 = 159*k - 304*k + 169*k. What are the prime factors of k?
157, 251
Suppose -4*j + 6*w + 27 = 3*w, -5*w - 16 = 3*j. Suppose -j*v - 2*n + n = -352, -v + 112 = -n. Suppose 2*u + v = 356. List the prime factors of u.
2, 3, 5
Let q = 280 - 281. List the prime factors of q*(-52)/2*3.
2, 3, 13
Let r(z) = 2327*z**2 - 15*z + 14. List the prime factors of r(2).
2, 23, 101
Let n(x) = -144*x + 32. Suppose -22 = 33*g + 110. What are the prime factors of n(g)?
2, 19
Let x(u) = 3*u + 153. Let b be x(-21). List the prime factors of (648/b)/((-2)/(-205)).
2, 3, 41
Let a(s) = -2*s**2 + 15*s - 32. Let t be a(4). Let u(v) = v**3 + 8*v**2 - v + 6. What are the prime factors of u(t)?
2, 37
Let p(l) = 5*l**2 - 38*l + 21. List the prime factors of p(11).
2, 13
Suppose 4*i + 4*l - 968 = 0, 1211 = -i + 6*i + 4*l. What are the prime factors of i?
3
Suppose y - 24 = -2*y. Suppose 5*c - 7 = y. Suppose -4*f + c*z + 0*z = -278, 2*f + 5*z - 126 = 0. What are the prime factors of f?
2, 17
Let x(y) = -14*y + 18. Let n = 90 + -86. Suppose -t = -2*b - 0 + 7, 36 = -n*t + 4*b. List the prime factors of x(t).
2, 43
Let p(n) = n**3 - 2*n**2 + 7*n + 164. Let w(v) = 2*v**3 - 4*v**2 + 15*v + 327. Let y(h) = 13*p(h) - 6*w(h). What are the prime factors of y(0)?
2, 5, 17
Let a(r) = 3385*r**2 - 22*r + 19. What are the prime factors of a(1)?
2, 19, 89
Let y(g) = g**3 + 3*g**2 + 5*g - 6. Let z be y(-3). What are the prime factors of (-47)/(-7) - 7 - 804/z?
2, 19
Let m(j) = -2*j - 27. Let u be m(-26). Suppose -u*l = -25004 - 13471. What are the prime factors of l?
3, 19
Suppose 3*k - 2*t = -50, -2*t + 3*t + 92 = -5*k. Let f be ((-18)/(-4))/((-27)/k). List the prime factors of (547 - 33)/(f + -1*1).
257
Suppose 12 = 3*l, 3*q + q + 1004 = -5*l. Let a = q - -387. List the prime factors of a.
131
Let v(q) = -49*q**2 - 36*q + 95. Let m(o) = 9*o**2 + 7*o - 19. Let s(h) = 11*m(h) + 2*v(h). Suppose 2 = k - 6. What are the prime factors of s(k)?
5, 17
Let i be -1 - (-20)/28 - 1116/14. Let k = i - -79. List the prime factors of 7/(-7) - (-99 - k).
97
What are the prime factors of ((-27132)/(-665))/((-1)/(-165))?
2, 3, 11, 17
Suppose -y - 94 = -3*a, -2*a - 13*y + 18*y = -67. Let v = 102 + a. List the prime factors of v.
7, 19
Suppose 0 = -2*b + 4*v + 11 + 1, -4*b + 12 = -4*v. Suppose -2 = -i - b. Suppose -i*f - 2 = -6, -234 = -2*h - f. List the prime factors of h.
2, 29
Let j be (8 - -1)/(57/19). Suppose 3*g = 5*t - 3300, -6*t + 3300 = -t + j*g. List the prime factors of t.
2, 3, 5, 11
Let h(x) = -129*x - 33. Suppose 6 = 2*v + 20. List the prime factors of h(v).
2, 3, 5, 29
Let b(j) = j**3 + 3*j**2 - 2*j + 2. Let v be b(-3). Suppose 3*t - 3*u = -v*u + 1046, 4*t + 5*u - 1388 = 0. List the prime factors of t.
2, 3, 19
Let z = -1 - 208. Let a = z + 138. Let f = 159 + a. List the prime factors of f.
2, 11
Suppose 26*o - 7*o - 26375 = -6*o. List the prime factors of o.
5, 211
Suppose 0 = -55*k + 50722 + 3233. Let b = k + 4. List the prime factors of b.
5, 197
Let c = -270 - -273. Suppose c*g + m - 3030 = -m, g = 4*m + 1010. What are the prime factors of g?
2, 5, 101
Let s = 81 - 75. Suppose -s*z + 2815 = -1097. Suppose z = 8*l - 708. List the prime factors of l.
2, 5, 17
Suppose 50073 = 45*k - 47532. What are the prime factors of k?
3, 241
Suppose 11*h - 2*o = 12*h + 10, -4*o - 20 = -h. Suppose 0 = -4*x - 3*p + 111, -6*x + 5*x + 4*p + 23 = h. What are the prime factors of x?
3
Let n(f) be the third derivative of -f**5/60 + 3*f**4/4 - 17*f**3/2 - 31*f**2. What are the prime factors of n(10)?
29
Let s be -1 + -3 + (-10 - 1)/(-1). Suppose -10736 = s*m - 23*m. List the prime factors of m.
11, 61
Suppose 0 = -5*g + 10, -6*s + 2*s + 306 = -3*g. Suppose 0 = -s*i + 80*i - 42. List the prime factors of i.
3, 7
Suppose -135*k + 72544 = -119*k. List the prime factors of k.
2, 2267
Suppose 0 = v + 1658 - 261. Let p = v - -1960. List the prime factors of p.
563
Suppose -15*p - 3*w = -11*p - 27797, 5*p - 4*w = 34754. What are the prime factors of p?
2, 5, 139
Let d(p) = -7701*p - 5279. What are the prime factors of d(-6)?
40927
List the prime factors of (9 - 9 - 8) + 6777.
7, 967
Suppose 7*p - 141 - 125 = 0. Let z = p - 38. Suppose -m + 157 = m - s, 2*m - 3*s - 159 = z. What are the prime factors of m?
2, 3, 13
Let p(q) = 654*q**2 - 33*q - 138. List the prime factors of p(7).
3, 10559
List the prime factors of 3*4865 + (15 - 23).
29, 503
Suppose -4*m = 3*v - 1248, -4*v + 7*v + 915 = 3*m. Let r = m + -271. List the prime factors of r.
2, 19
Suppose 0 = s + c - 7398, s - 5*c = -3*c + 7404. List the prime factors of s.
2, 5, 37
Let y = 284 - 281. Suppose 0 = 2*j + 4, n + y*j - 4*j = 47. List the prime factors of n.
3, 5
Let l(z) = -z**2 + 2. Let b(j) = -j**2 - 2*j + 361. Let g(m) = b(m) - 2*l(m). What are the prime factors of g(0)?
3, 7, 17
Let w be 151 + 0/1 + 1. Suppose -7*y = 3*y + 17*y - 108. List the prime factors of ((-3)/6)/(y + (-610)/w).
2, 19
Suppose -215*l + 217*l - 13124 = 5*d, 2*d = 4*l - 26280. What are the prime factors of l?
2, 31, 53
Let o = -4585 + 17127. What are the prime factors of o?
2, 6271
Let l(b) = -8307*b**3 - 9*b**2 - 18*b - 8. What are the prime factors of l(-1)?
2, 31, 67
Suppose 242 + 143 = 7*k. Let f be (-5)/(-2)*18/(-1). Let d = k + f. What are the prime factors of d?
2, 5
Suppose 1020133 = 13*k - 2*k + 18*k. List the prime factors of k.
29, 1213
What are the prime factors of -20 - (-1612)/78 - (-143066)/6?
5, 19, 251
Suppose -74384 = -10*a + 5936. List the prime factors of a.
2, 251
Let f(v) = -v**2 + 45*v - 49. Let n be f(44). What are the prime factors of (-7240)/(-6) - (-5)/(-75)*n?
17, 71
Let r be (-1)/6 - 1466/(-12). What are the prime factors of (-70)/(-15)*r - (-14)/21?
2, 3, 5, 19
Let n = 188 - 165. Suppose -n*b + 30*b = 1071. What are the prime factors of b?
3, 17
Suppose 4*o - 48*o = 7*o - 448443. List the prime factors of o.
3, 977
Let z be 3/((-3)/(-1)) - 613. Let c be (z/264 + 4/(-22))*-2. Suppose -c*r + 43 = 2*l, -5*r + l = -2*l - 48. What are the prime factors of r?
3
Let j(m) = 4*m + 78. Let n be j(-19). Suppose -5*a + n*q + 1920 - 82 = 0, -1477 = -4*a - 5*q. Suppose -5*v - a = -7*